?
2
Suppose -8 = 6*t - 10*t. What is the highest common divisor of 16 and t?
2
Let d(m) = -m**3 + m**2 - m - 9. Let t be d(0). Let y = t - -8. Let f(r) = -134*r + 1. Let s be f(y). Calculate the highest common factor of 15 and s.
15
Let n = 125 + -60. What is the highest common divisor of 13 and n?
13
Suppose 7*b = 2*x + 4*b - 85, -85 = -3*x - 4*b. Calculate the greatest common divisor of 14 and x.
7
Let h = 103 - 73. Calculate the highest common divisor of 40 and h.
10
Let g(t) = -t**3 - 14*t**2 - 14*t - 10. Let o be g(-13). Suppose 4*w - 7 = 1. Suppose -w*n = -n - 27. Calculate the greatest common divisor of o and n.
3
Let n = 7 + -4. Let q be (-9)/6*-1*2. Calculate the highest common factor of n and q.
3
Let w be 50/(-3)*(3 + (-156)/20). Calculate the highest common factor of 10 and w.
10
Let b(c) = -c**2 - 15*c - 17. Let g be b(-13). Calculate the greatest common factor of 6 and g.
3
Let c be ((-24)/32)/(1/(-4)). Suppose 0 = -l + c*l + 2*u - 40, 2*l - 20 = 2*u. Calculate the highest common factor of l and 165.
15
Suppose 0 = 4*r + 3*g - 23, r + 7*g - 27 = 2*g. Let n be (-1 - (0 - r))*7. Let j = -181 + 258. Calculate the highest common divisor of j and n.
7
Suppose 4*j + 2*v - 27 = -v, 0 = 3*v - 3. What is the highest common factor of j and 30?
6
Let d = 27 + -19. Let l = -32 + 120. What is the highest common factor of d and l?
8
Let f be 2*165/(-3)*-2. Suppose -3*u = u + 2*d - 224, -d = 4*u - f. What is the greatest common divisor of u and 36?
18
Suppose -2*p + 336 = 2*p + 2*n, 4*p - 336 = n. Calculate the greatest common factor of 56 and p.
28
Suppose 9 = -n + 5*s - 14, 0 = 2*n + 5*s - 29. What is the greatest common divisor of n and 6?
2
Let c be 507/9 - (-2)/(-6). Suppose 0*i - c = 2*i - 2*o, 0 = -5*i + 3*o - 146. Let a be 2*(i/(-2) + -2). Calculate the highest common divisor of 9 and a.
9
Let m = 3 + 1. Suppose -m*i - 2*v = -58 - 12, 5*i - 83 = -v. What is the greatest common divisor of i and 80?
16
Let f(x) = 6*x**2 + 1. Let o be f(1). Suppose 0 = 3*d + 6, 0 = -3*g - 5*d + 57 + 101. Calculate the highest common divisor of o and g.
7
Let j = 86 + 29. Calculate the greatest common divisor of j and 46.
23
Let y be 10/3*-7*(-18)/21. What is the greatest common divisor of 5 and y?
5
Let n(a) = 2*a**2 - 1. Let v(p) = -p - 8. Let q be v(-10). Let y be n(q). Calculate the greatest common factor of y and 14.
7
Suppose 0 = 4*m - 10 + 2. Let t be (-60)/6*1/m. Let a(b) = -9*b. Let c be a(t). Calculate the greatest common factor of 9 and c.
9
Suppose -5*y + 276 + 389 = 0. Let c be 1 + -2 + y/7. What is the highest common divisor of c and 126?
18
Suppose w = -5*z - 21 + 82, 3*z - 39 = -3*w. What is the greatest common divisor of z and 42?
6
Let b(x) = 81*x + 1. Let l be b(1). What is the highest common divisor of l and 123?
41
Let j(g) = -6*g - 24. Let o be j(-5). Let p(z) = -z**2 - z + 48. Let w be p(0). Calculate the greatest common divisor of w and o.
6
Let s be 8/3 - 1/(-3). Let b = 12 + s. What is the highest common divisor of b and 60?
15
Let o be (12/(-16))/((-1)/4). Let d be (0 + -4)/((-1)/o). Let m = -47 - -95. Calculate the highest common divisor of d and m.
12
Let q be (-20)/(-48)*39*24. What is the highest common divisor of 30 and q?
30
Let l = -11 + 7. Let b be 290/1 + l + 1. Suppose 3*u - j - b = u, -u + 140 = 3*j. What is the greatest common factor of 13 and u?
13
Let s = 4 - -3. What is the greatest common factor of 14 and s?
7
Let k = 1 + 1. Suppose -4 = k*s - 3*s. Calculate the greatest common factor of 1 and s.
1
Suppose -2*k + 4 + 16 = 0. Calculate the highest common factor of k and 30.
10
Let c be (-202)/(-8) + (-2)/8. Let t = 2 - 0. Suppose 5*o = -5*q + 25, o - 4*q - 15 = -t*o. Calculate the highest common factor of o and c.
5
Let b be 1*(-1)/(-2)*4. Suppose 41 = b*r - 7. Calculate the greatest common factor of r and 264.
24
Let p = 21 + -13. Let t = 20 + -12. Calculate the highest common divisor of t and p.
8
Suppose -16 = -4*o - 5*a + 9, 0 = -3*o - 5*a + 20. What is the greatest common factor of o and 15?
5
Let w = 30 - 9. Let t = w + -15. Calculate the greatest common factor of 2 and t.
2
Let j(k) = -2*k + 23*k + 5*k. Let z be j(1). Let y = z - 17. What is the greatest common factor of 3 and y?
3
Suppose p - 2*i = -3, 3*p - 25 = -4*i + 6. Let v = 60 + -40. Calculate the highest common divisor of v and p.
5
Suppose 3*s - 1 = -2*i, -3*i - 2*s + 3 = s. Let g(n) = -n**3 + 3*n**3 - n + n**i + 4*n**3. Let u be g(1). What is the greatest common factor of 30 and u?
6
Suppose 0 = -6*m + 5*m - 37. Let x = m + 91. What is the greatest common factor of x and 6?
6
Let x(c) = -7*c + 2. Let b(w) = -w**3 - 9*w**2 - 8*w - 4. Let y be b(-8). Let z be x(y). Calculate the highest common divisor of z and 10.
10
Let n be 10/4*18/15. Suppose -2*l - n*l = -105. Calculate the greatest common factor of 84 and l.
21
Let y be (-6)/(-5)*(-5)/(-1). Let f be ((-8)/y)/((-6)/18). Suppose -m - 57 = -f*l, 3*l - 2*m - 39 = -0*m. Calculate the highest common divisor of 15 and l.
15
Suppose 2 = -j + 7. Suppose -p - 192 = -j*p. Suppose -5*l - 15 = -75. Calculate the highest common factor of l and p.
12
Let y = 301 + -184. Let x = 26 - 13. What is the greatest common factor of y and x?
13
Suppose a + 2*a + 4*f - 34 = 0, -3*a = -3*f - 69. What is the greatest common factor of 18 and a?
18
Let d be 210/20*(-16)/(-3). Let g = 116 - d. What is the highest common factor of g and 12?
12
Let o(n) be the first derivative of -n**4/4 + n**3/3 + n**2/2 + 44*n - 3. Let g be o(0). Let k = 0 - -4. Calculate the greatest common divisor of k and g.
4
Let s = -3 - -23. What is the highest common divisor of 180 and s?
20
Let s(v) = -v**2 + 10*v + 1. Let t be s(7). Let w = t + -13. Suppose k - 39 = -2*c + 4*k, -3*c + 51 = 3*k. What is the highest common factor of w and c?
9
Let f(x) = 39*x + 3. Let u(z) = 20*z + 1. Suppose 0*a + 2*a = -6. Let k(i) = a*f(i) + 5*u(i). Let n be k(-6). Calculate the highest common divisor of n and 14.
14
Let r = 40 + 16. Suppose -2*h = 8 - r. What is the greatest common factor of 4 and h?
4
Let l(s) = -4*s**2 - 2*s + 9. Let q be l(-4). Let w = q + 122. Calculate the highest common factor of 15 and w.
15
Let n be 1 - (-1 + (0 - 0)). Let c be 24/n + -1 + 1. Suppose 0 = 4*k - 8*k + 192. What is the greatest common divisor of k and c?
12
Let q(t) = -4*t**3 + t**3 + 2*t**3 + 3*t + 1. Suppose 15 = -5*n - c, -c - 3*c = -3*n + 14. Let f be q(n). Calculate the highest common factor of 6 and f.
3
Let n = -18 - -24. Let r be 2*-2*n/(-24). Calculate the highest common divisor of 4 and r.
1
Suppose -28 = -4*a - 2*q, 0 = 4*a - 0*q - 2*q - 36. What is the greatest common divisor of 80 and a?
8
Let b = 5 + -2. Suppose -y - 1 - 2 = -4*m, -b*m = 2*y - 16. Suppose -y*r - 2*s = -98, -r - s + 6*s = 2. What is the highest common divisor of r and 9?
9
Suppose 11 + 9 = 5*d. Let l = 14 - d. Let f = l - -8. Calculate the greatest common divisor of f and 45.
9
Let j(i) = i + 4. Let t be j(-2). Let k be -2*t*-1 + 2. Let c(n) = -2*n - 6. Let h be c(-4). Calculate the greatest common divisor of h and k.
2
Let n(r) = 46*r - 1. Let m be n(2). Suppose -3*l - u + 91 = -31, u = -l + 44. Suppose 4*v + l = 7*v. What is the highest common factor of m and v?
13
Suppose 0 = -t + 5*q - 24, 16 = -2*t + 4*q - 8. Let g be t/(-14) - 82/(-7). Calculate the greatest common factor of 8 and g.
4
Suppose 6 = -10*u + 13*u. What is the greatest common factor of 5 and u?
1
Let b = -2 + 11. Let a be (-12)/10*(-150)/b. Suppose -4*n + a = n. Calculate the greatest common factor of n and 28.
4
Let j(z) = -z**3 + 8*z**2 + 13*z - 3. Let i be j(9). Suppose 4*m = 3*m + i. What is the greatest common factor of 11 and m?
11
Suppose 31 = 2*h + 3. What is the highest common factor of h and 42?
14
Suppose 3*x - 4*k + 116 = 5*x, -3*k + 3 = 0. Calculate the greatest common divisor of 7 and x.
7
Let b be 4 + -5 - (0 - -4). Let x be 4 - (4 + b + -3). What is the highest common divisor of 16 and x?
8
Let j(f) = -f**2 + 1. Let a be j(1). Suppose o = 4*g - 576, a*o + 576 = 4*g + 2*o. Let p = 15 + 3. Calculate the greatest common factor of g and p.
18
Let n = 9 - 4. Suppose n*f - 62 = 48. Calculate the highest common divisor of 198 and f.
22
Let k(f) = -f + 1. Let q be k(-1). Suppose 2*z - 52 = -q*z. Calculate the great